{"id":19,"date":"2022-05-27T09:58:36","date_gmt":"2022-05-27T07:58:36","guid":{"rendered":"https:\/\/faes.archi\/?page_id=19"},"modified":"2025-03-15T22:24:33","modified_gmt":"2025-03-15T21:24:33","slug":"portofolio","status":"publish","type":"page","link":"https:\/\/faes.archi\/index.php\/portofolio\/","title":{"rendered":"Portofolio"},"content":{"rendered":"\n<div class=\"wp-block-envira-envira-gallery\"><div id=\"envira-gallery-wrap-170\" class=\"envira-gallery-wrap envira-gallery-theme-base envira-lightbox-theme-base\" itemscope itemtype=\"https:\/\/schema.org\/ImageGallery\"><div data-row-height=\"\" data-gallery-theme=\"\" id=\"envira-gallery-170\" class=\"envira-gallery-public  envira-gallery-2-columns envira-clear enviratope envira-gallery-css-animations\" data-envira-columns=\"2\"><div id=\"envira-gallery-item-169\" class=\"envira-gallery-item enviratope-item envira-gallery-item-1 envira-lazy-load\" style=\"padding-left: 5px; padding-bottom: 10px; padding-right: 5px;\"  itemscope itemtype=\"https:\/\/schema.org\/ImageObject\"><div class=\"envira-gallery-item-inner\"><div class=\"envira-gallery-position-overlay  envira-gallery-top-left\"><\/div><div class=\"envira-gallery-position-overlay  envira-gallery-top-right\"><\/div><div class=\"envira-gallery-position-overlay  envira-gallery-bottom-left\"><\/div><div class=\"envira-gallery-position-overlay  envira-gallery-bottom-right\"><\/div><a href=\"https:\/\/slrb-bghm.brussels\/fr\/chantiers\/tour-brunfaut\" class=\"envira-gallery-link\" rel=\"enviragallery170\" title=\"BRUNFAUT\" data-envira-caption=\"BRUNFAUT\" data-envira-retina=\"\" data-thumbnail=\"\" target=\"_blank\"  itemprop=\"contentUrl\"><div class=\"envira-lazy\" data-test-width=\"640\" data-test-height=\"480\" style=\"padding-bottom:75%;\"><img decoding=\"async\" id=\"envira-gallery-image-169\" class=\"envira-gallery-image envira-gallery-image-1\" data-envira-index=\"1\" src=\"https:\/\/faes.archi\/wp-content\/uploads\/2025\/03\/BRUNF-640x480.png\" data-envira-src=\"https:\/\/faes.archi\/wp-content\/uploads\/2025\/03\/BRUNF-640x480.png\" data-envira-gallery-id=\"170\" data-envira-item-id=\"169\" data-envira-caption=\"BRUNFAUT\" alt=\"\" title=\"BRUNFAUT\"  itemprop=\"thumbnailUrl\" data-envira-srcset=\"https:\/\/faes.archi\/wp-content\/uploads\/2025\/03\/BRUNF-640x480.png 400w,https:\/\/faes.archi\/wp-content\/uploads\/2025\/03\/BRUNF-640x480.png 2x\" srcset=\"data:image\/gif;base64,R0lGODlhAQABAIAAAP\/\/\/\/\/\/\/yH5BAEKAAEALAAAAAABAAEAAAICTAEAOw==\" \/><\/div><\/a><\/div><\/div><div id=\"envira-gallery-item-167\" class=\"envira-gallery-item enviratope-item envira-gallery-item-2 envira-lazy-load\" style=\"padding-left: 5px; padding-bottom: 10px; padding-right: 5px;\"  itemscope itemtype=\"https:\/\/schema.org\/ImageObject\"><div class=\"envira-gallery-item-inner\"><div class=\"envira-gallery-position-overlay  envira-gallery-top-left\"><\/div><div class=\"envira-gallery-position-overlay  envira-gallery-top-right\"><\/div><div class=\"envira-gallery-position-overlay  envira-gallery-bottom-left\"><\/div><div class=\"envira-gallery-position-overlay  envira-gallery-bottom-right\"><\/div><a href=\"https:\/\/www.bdpimmo.be\/fr\/projet\/idylle\" class=\"envira-gallery-170 envira-gallery-link\" rel=\"enviragallery170\" title=\"ANAT\" data-envira-caption=\"ANAT\" data-envira-retina=\"\" data-thumbnail=\"\"  itemprop=\"contentUrl\"><div class=\"envira-lazy\" data-test-width=\"640\" data-test-height=\"480\" style=\"padding-bottom:75%;\"><img decoding=\"async\" id=\"envira-gallery-image-167\" class=\"envira-gallery-image envira-gallery-image-2\" data-envira-index=\"2\" src=\"https:\/\/faes.archi\/wp-content\/uploads\/2025\/03\/ANAT-640x480.png\" data-envira-src=\"https:\/\/faes.archi\/wp-content\/uploads\/2025\/03\/ANAT-640x480.png\" data-envira-gallery-id=\"170\" data-envira-item-id=\"167\" data-envira-caption=\"ANAT\" alt=\"\" title=\"ANAT\"  itemprop=\"thumbnailUrl\" data-envira-srcset=\"https:\/\/faes.archi\/wp-content\/uploads\/2025\/03\/ANAT-640x480.png 400w,https:\/\/faes.archi\/wp-content\/uploads\/2025\/03\/ANAT-640x480.png 2x\" srcset=\"data:image\/gif;base64,R0lGODlhAQABAIAAAP\/\/\/\/\/\/\/yH5BAEKAAEALAAAAAABAAEAAAICTAEAOw==\" \/><\/div><\/a><\/div><\/div><div id=\"envira-gallery-item-168\" class=\"envira-gallery-item enviratope-item envira-gallery-item-3 envira-lazy-load\" style=\"padding-left: 5px; padding-bottom: 10px; padding-right: 5px;\"  itemscope itemtype=\"https:\/\/schema.org\/ImageObject\"><div class=\"envira-gallery-item-inner\"><div class=\"envira-gallery-position-overlay  envira-gallery-top-left\"><\/div><div class=\"envira-gallery-position-overlay  envira-gallery-top-right\"><\/div><div class=\"envira-gallery-position-overlay  envira-gallery-bottom-left\"><\/div><div class=\"envira-gallery-position-overlay  envira-gallery-bottom-right\"><\/div><a href=\"https:\/\/wbarchitectures.be\/fr\/architects\/Dethier-Architectures\/Centre-funeraire-de-Welkenraedt\/550\" class=\"envira-gallery-170 envira-gallery-link\" rel=\"enviragallery170\" title=\"WELK\" data-envira-caption=\"WELK\" data-envira-retina=\"\" data-thumbnail=\"\"  itemprop=\"contentUrl\"><div class=\"envira-lazy\" data-test-width=\"640\" data-test-height=\"480\" style=\"padding-bottom:75%;\"><img decoding=\"async\" id=\"envira-gallery-image-168\" class=\"envira-gallery-image envira-gallery-image-3\" data-envira-index=\"3\" src=\"https:\/\/faes.archi\/wp-content\/uploads\/2025\/03\/WELK-2-640x480.png\" data-envira-src=\"https:\/\/faes.archi\/wp-content\/uploads\/2025\/03\/WELK-2-640x480.png\" data-envira-gallery-id=\"170\" data-envira-item-id=\"168\" data-envira-caption=\"WELK\" alt=\"\" title=\"WELK\"  itemprop=\"thumbnailUrl\" data-envira-srcset=\"https:\/\/faes.archi\/wp-content\/uploads\/2025\/03\/WELK-2-640x480.png 400w,https:\/\/faes.archi\/wp-content\/uploads\/2025\/03\/WELK-2-640x480.png 2x\" srcset=\"data:image\/gif;base64,R0lGODlhAQABAIAAAP\/\/\/\/\/\/\/yH5BAEKAAEALAAAAAABAAEAAAICTAEAOw==\" \/><\/div><\/a><\/div><\/div><div id=\"envira-gallery-item-171\" class=\"envira-gallery-item enviratope-item envira-gallery-item-4 envira-lazy-load\" style=\"padding-left: 5px; padding-bottom: 10px; padding-right: 5px;\"  itemscope itemtype=\"https:\/\/schema.org\/ImageObject\"><div class=\"envira-gallery-item-inner\"><div class=\"envira-gallery-position-overlay  envira-gallery-top-left\"><\/div><div class=\"envira-gallery-position-overlay  envira-gallery-top-right\"><\/div><div class=\"envira-gallery-position-overlay  envira-gallery-bottom-left\"><\/div><div class=\"envira-gallery-position-overlay  envira-gallery-bottom-right\"><\/div><a href=\"https:\/\/ney.partners\/project\/koblenz-viewpoint\/\" class=\"envira-gallery-170 envira-gallery-link\" rel=\"enviragallery170\" title=\"KOB\" data-envira-caption=\"KOB\" data-envira-retina=\"\" data-thumbnail=\"\"  itemprop=\"contentUrl\"><div class=\"envira-lazy\" data-test-width=\"640\" data-test-height=\"480\" style=\"padding-bottom:75%;\"><img decoding=\"async\" id=\"envira-gallery-image-171\" class=\"envira-gallery-image envira-gallery-image-4\" data-envira-index=\"4\" src=\"https:\/\/faes.archi\/wp-content\/uploads\/2025\/03\/KOB-640x480.png\" data-envira-src=\"https:\/\/faes.archi\/wp-content\/uploads\/2025\/03\/KOB-640x480.png\" data-envira-gallery-id=\"170\" data-envira-item-id=\"171\" data-envira-caption=\"KOB\" alt=\"\" title=\"KOB\"  itemprop=\"thumbnailUrl\" data-envira-srcset=\"https:\/\/faes.archi\/wp-content\/uploads\/2025\/03\/KOB-640x480.png 400w,https:\/\/faes.archi\/wp-content\/uploads\/2025\/03\/KOB-640x480.png 2x\" srcset=\"data:image\/gif;base64,R0lGODlhAQABAIAAAP\/\/\/\/\/\/\/yH5BAEKAAEALAAAAAABAAEAAAICTAEAOw==\" \/><\/div><\/a><\/div><\/div><div id=\"envira-gallery-item-172\" class=\"envira-gallery-item enviratope-item envira-gallery-item-5 envira-lazy-load\" style=\"padding-left: 5px; padding-bottom: 10px; padding-right: 5px;\"  itemscope itemtype=\"https:\/\/schema.org\/ImageObject\"><div class=\"envira-gallery-item-inner\"><div class=\"envira-gallery-position-overlay  envira-gallery-top-left\"><\/div><div class=\"envira-gallery-position-overlay  envira-gallery-top-right\"><\/div><div class=\"envira-gallery-position-overlay  envira-gallery-bottom-left\"><\/div><div class=\"envira-gallery-position-overlay  envira-gallery-bottom-right\"><\/div><a href=\"https:\/\/www.guides.archi\/fr\/projets\/liege\/manege-de-la-caserne-fonck\" class=\"envira-gallery-170 envira-gallery-link\" rel=\"enviragallery170\" title=\"FCK\" data-envira-caption=\"FCK\" data-envira-retina=\"\" data-thumbnail=\"\"  itemprop=\"contentUrl\"><div class=\"envira-lazy\" data-test-width=\"640\" data-test-height=\"480\" style=\"padding-bottom:75%;\"><img decoding=\"async\" id=\"envira-gallery-image-172\" class=\"envira-gallery-image envira-gallery-image-5\" data-envira-index=\"5\" src=\"https:\/\/faes.archi\/wp-content\/uploads\/2025\/03\/FCK-640x480.png\" data-envira-src=\"https:\/\/faes.archi\/wp-content\/uploads\/2025\/03\/FCK-640x480.png\" data-envira-gallery-id=\"170\" data-envira-item-id=\"172\" data-envira-caption=\"FCK\" alt=\"\" title=\"FCK\"  itemprop=\"thumbnailUrl\" data-envira-srcset=\"https:\/\/faes.archi\/wp-content\/uploads\/2025\/03\/FCK-640x480.png 400w,https:\/\/faes.archi\/wp-content\/uploads\/2025\/03\/FCK-640x480.png 2x\" srcset=\"data:image\/gif;base64,R0lGODlhAQABAIAAAP\/\/\/\/\/\/\/yH5BAEKAAEALAAAAAABAAEAAAICTAEAOw==\" \/><\/div><\/a><\/div><\/div><div id=\"envira-gallery-item-173\" class=\"envira-gallery-item enviratope-item envira-gallery-item-6 envira-lazy-load\" style=\"padding-left: 5px; padding-bottom: 10px; padding-right: 5px;\"  itemscope itemtype=\"https:\/\/schema.org\/ImageObject\"><div class=\"envira-gallery-item-inner\"><div class=\"envira-gallery-position-overlay  envira-gallery-top-left\"><\/div><div class=\"envira-gallery-position-overlay  envira-gallery-top-right\"><\/div><div class=\"envira-gallery-position-overlay  envira-gallery-bottom-left\"><\/div><div class=\"envira-gallery-position-overlay  envira-gallery-bottom-right\"><\/div><a href=\"https:\/\/faes.archi\/wp-content\/uploads\/2025\/03\/BIJOU.png\" class=\"envira-gallery-170 envira-gallery-link\" rel=\"enviragallery170\" title=\"BIJOUTERIE - en cours\" data-envira-caption=\"BIJOUTERIE - en cours\" data-envira-retina=\"\" data-thumbnail=\"\"  itemprop=\"contentUrl\"><div class=\"envira-lazy\" data-test-width=\"640\" data-test-height=\"480\" style=\"padding-bottom:75%;\"><img decoding=\"async\" id=\"envira-gallery-image-173\" class=\"envira-gallery-image envira-gallery-image-6\" data-envira-index=\"6\" src=\"https:\/\/faes.archi\/wp-content\/uploads\/2025\/03\/BIJOU-640x480.png\" data-envira-src=\"https:\/\/faes.archi\/wp-content\/uploads\/2025\/03\/BIJOU-640x480.png\" data-envira-gallery-id=\"170\" data-envira-item-id=\"173\" data-envira-caption=\"BIJOUTERIE - en cours\" alt=\"\" title=\"BIJOUTERIE - en cours\"  itemprop=\"thumbnailUrl\" data-envira-srcset=\"https:\/\/faes.archi\/wp-content\/uploads\/2025\/03\/BIJOU-640x480.png 400w,https:\/\/faes.archi\/wp-content\/uploads\/2025\/03\/BIJOU-640x480.png 2x\" srcset=\"data:image\/gif;base64,R0lGODlhAQABAIAAAP\/\/\/\/\/\/\/yH5BAEKAAEALAAAAAABAAEAAAICTAEAOw==\" \/><\/div><\/a><\/div><\/div><div id=\"envira-gallery-item-174\" class=\"envira-gallery-item enviratope-item envira-gallery-item-7 envira-lazy-load\" style=\"padding-left: 5px; padding-bottom: 10px; padding-right: 5px;\"  itemscope itemtype=\"https:\/\/schema.org\/ImageObject\"><div class=\"envira-gallery-item-inner\"><div class=\"envira-gallery-position-overlay  envira-gallery-top-left\"><\/div><div class=\"envira-gallery-position-overlay  envira-gallery-top-right\"><\/div><div class=\"envira-gallery-position-overlay  envira-gallery-bottom-left\"><\/div><div class=\"envira-gallery-position-overlay  envira-gallery-bottom-right\"><\/div><a href=\"https:\/\/www.bdpimmo.be\/project\/silence\" class=\"envira-gallery-170 envira-gallery-link\" rel=\"enviragallery170\" title=\"SILENCE\" data-envira-caption=\"SILENCE\" data-envira-retina=\"\" data-thumbnail=\"\"  itemprop=\"contentUrl\"><div class=\"envira-lazy\" data-test-width=\"640\" data-test-height=\"480\" style=\"padding-bottom:75%;\"><img decoding=\"async\" id=\"envira-gallery-image-174\" class=\"envira-gallery-image envira-gallery-image-7\" data-envira-index=\"7\" src=\"https:\/\/faes.archi\/wp-content\/uploads\/2025\/03\/SILENCE-1024x1024-640x480.png\" data-envira-src=\"https:\/\/faes.archi\/wp-content\/uploads\/2025\/03\/SILENCE-1024x1024-640x480.png\" data-envira-gallery-id=\"170\" data-envira-item-id=\"174\" data-envira-caption=\"SILENCE\" alt=\"\" title=\"SILENCE\"  itemprop=\"thumbnailUrl\" data-envira-srcset=\"https:\/\/faes.archi\/wp-content\/uploads\/2025\/03\/SILENCE-1024x1024-640x480.png 400w,https:\/\/faes.archi\/wp-content\/uploads\/2025\/03\/SILENCE-1024x1024-640x480.png 2x\" srcset=\"data:image\/gif;base64,R0lGODlhAQABAIAAAP\/\/\/\/\/\/\/yH5BAEKAAEALAAAAAABAAEAAAICTAEAOw==\" \/><\/div><\/a><\/div><\/div><div id=\"envira-gallery-item-178\" class=\"envira-gallery-item enviratope-item envira-gallery-item-8 envira-lazy-load\" style=\"padding-left: 5px; padding-bottom: 10px; padding-right: 5px;\"  itemscope itemtype=\"https:\/\/schema.org\/ImageObject\"><div class=\"envira-gallery-item-inner\"><div class=\"envira-gallery-position-overlay  envira-gallery-top-left\"><\/div><div class=\"envira-gallery-position-overlay  envira-gallery-top-right\"><\/div><div class=\"envira-gallery-position-overlay  envira-gallery-bottom-left\"><\/div><div class=\"envira-gallery-position-overlay  envira-gallery-bottom-right\"><\/div><a href=\"https:\/\/www.dethier.be\/fr\/projets\/agora\" class=\"envira-gallery-170 envira-gallery-link\" rel=\"enviragallery170\" title=\"AGORA\" data-envira-caption=\"AGORA\" data-envira-retina=\"\" data-thumbnail=\"\"  itemprop=\"contentUrl\"><div class=\"envira-lazy\" data-test-width=\"640\" data-test-height=\"480\" style=\"padding-bottom:75%;\"><img decoding=\"async\" id=\"envira-gallery-image-178\" class=\"envira-gallery-image envira-gallery-image-8\" data-envira-index=\"8\" src=\"https:\/\/faes.archi\/wp-content\/uploads\/2025\/03\/AGORA-640x480.png\" data-envira-src=\"https:\/\/faes.archi\/wp-content\/uploads\/2025\/03\/AGORA-640x480.png\" data-envira-gallery-id=\"170\" data-envira-item-id=\"178\" data-envira-caption=\"AGORA\" alt=\"\" title=\"AGORA\"  itemprop=\"thumbnailUrl\" data-envira-srcset=\"https:\/\/faes.archi\/wp-content\/uploads\/2025\/03\/AGORA-640x480.png 400w,https:\/\/faes.archi\/wp-content\/uploads\/2025\/03\/AGORA-640x480.png 2x\" srcset=\"data:image\/gif;base64,R0lGODlhAQABAIAAAP\/\/\/\/\/\/\/yH5BAEKAAEALAAAAAABAAEAAAICTAEAOw==\" \/><\/div><\/a><\/div><\/div><div id=\"envira-gallery-item-177\" class=\"envira-gallery-item enviratope-item envira-gallery-item-9 envira-lazy-load\" style=\"padding-left: 5px; padding-bottom: 10px; padding-right: 5px;\"  itemscope itemtype=\"https:\/\/schema.org\/ImageObject\"><div class=\"envira-gallery-item-inner\"><div class=\"envira-gallery-position-overlay  envira-gallery-top-left\"><\/div><div class=\"envira-gallery-position-overlay  envira-gallery-top-right\"><\/div><div class=\"envira-gallery-position-overlay  envira-gallery-bottom-left\"><\/div><div class=\"envira-gallery-position-overlay  envira-gallery-bottom-right\"><\/div><a href=\"https:\/\/www.febelcem.be\/fr\/publications\/dossiers-ciment-2008\/lesplanade-des-guillemins-i8\/\" class=\"envira-gallery-170 envira-gallery-link\" rel=\"enviragallery170\" title=\"GUI\" data-envira-caption=\"GUI\" data-envira-retina=\"\" data-thumbnail=\"\"  itemprop=\"contentUrl\"><div class=\"envira-lazy\" data-test-width=\"640\" data-test-height=\"480\" style=\"padding-bottom:75%;\"><img decoding=\"async\" id=\"envira-gallery-image-177\" class=\"envira-gallery-image envira-gallery-image-9\" data-envira-index=\"9\" src=\"https:\/\/faes.archi\/wp-content\/uploads\/2025\/03\/GUI-640x480.png\" data-envira-src=\"https:\/\/faes.archi\/wp-content\/uploads\/2025\/03\/GUI-640x480.png\" data-envira-gallery-id=\"170\" data-envira-item-id=\"177\" data-envira-caption=\"GUI\" alt=\"\" title=\"GUI\"  itemprop=\"thumbnailUrl\" data-envira-srcset=\"https:\/\/faes.archi\/wp-content\/uploads\/2025\/03\/GUI-640x480.png 400w,https:\/\/faes.archi\/wp-content\/uploads\/2025\/03\/GUI-640x480.png 2x\" srcset=\"data:image\/gif;base64,R0lGODlhAQABAIAAAP\/\/\/\/\/\/\/yH5BAEKAAEALAAAAAABAAEAAAICTAEAOw==\" \/><\/div><\/a><\/div><\/div><div id=\"envira-gallery-item-179\" class=\"envira-gallery-item enviratope-item envira-gallery-item-10 envira-lazy-load\" style=\"padding-left: 5px; padding-bottom: 10px; padding-right: 5px;\"  itemscope itemtype=\"https:\/\/schema.org\/ImageObject\"><div class=\"envira-gallery-item-inner\"><div class=\"envira-gallery-position-overlay  envira-gallery-top-left\"><\/div><div class=\"envira-gallery-position-overlay  envira-gallery-top-right\"><\/div><div class=\"envira-gallery-position-overlay  envira-gallery-bottom-left\"><\/div><div class=\"envira-gallery-position-overlay  envira-gallery-bottom-right\"><\/div><a href=\"https:\/\/faes.archi\/wp-content\/uploads\/2025\/03\/GH.png\" class=\"envira-gallery-170 envira-gallery-link\" rel=\"enviragallery170\" title=\"GH - en cours\" data-envira-caption=\"GH - en cours\" data-envira-retina=\"\" data-thumbnail=\"\"  itemprop=\"contentUrl\"><div class=\"envira-lazy\" data-test-width=\"640\" data-test-height=\"480\" style=\"padding-bottom:75%;\"><img decoding=\"async\" id=\"envira-gallery-image-179\" class=\"envira-gallery-image envira-gallery-image-10\" data-envira-index=\"10\" src=\"https:\/\/faes.archi\/wp-content\/uploads\/2025\/03\/GH-640x480.png\" data-envira-src=\"https:\/\/faes.archi\/wp-content\/uploads\/2025\/03\/GH-640x480.png\" data-envira-gallery-id=\"170\" data-envira-item-id=\"179\" data-envira-caption=\"GH - en cours\" alt=\"\" title=\"GH - en cours\"  itemprop=\"thumbnailUrl\" data-envira-srcset=\"https:\/\/faes.archi\/wp-content\/uploads\/2025\/03\/GH-640x480.png 400w,https:\/\/faes.archi\/wp-content\/uploads\/2025\/03\/GH-640x480.png 2x\" srcset=\"data:image\/gif;base64,R0lGODlhAQABAIAAAP\/\/\/\/\/\/\/yH5BAEKAAEALAAAAAABAAEAAAICTAEAOw==\" \/><\/div><\/a><\/div><\/div><\/div><\/div><noscript><img decoding=\"async\" src=\"https:\/\/faes.archi\/wp-content\/uploads\/2025\/03\/BRUNF.png\" alt=\"\" \/><img decoding=\"async\" src=\"https:\/\/faes.archi\/wp-content\/uploads\/2025\/03\/ANAT.png\" alt=\"\" \/><img decoding=\"async\" src=\"https:\/\/faes.archi\/wp-content\/uploads\/2025\/03\/WELK-2.png\" alt=\"\" \/><img decoding=\"async\" src=\"https:\/\/faes.archi\/wp-content\/uploads\/2025\/03\/KOB.png\" alt=\"\" \/><img decoding=\"async\" src=\"https:\/\/faes.archi\/wp-content\/uploads\/2025\/03\/FCK.png\" alt=\"\" \/><img decoding=\"async\" src=\"https:\/\/faes.archi\/wp-content\/uploads\/2025\/03\/BIJOU.png\" alt=\"\" \/><img decoding=\"async\" src=\"https:\/\/faes.archi\/wp-content\/uploads\/2025\/03\/SILENCE.png\" alt=\"\" \/><img decoding=\"async\" src=\"https:\/\/faes.archi\/wp-content\/uploads\/2025\/03\/AGORA.png\" alt=\"\" \/><img decoding=\"async\" src=\"https:\/\/faes.archi\/wp-content\/uploads\/2025\/03\/GUI.png\" alt=\"\" \/><img decoding=\"async\" src=\"https:\/\/faes.archi\/wp-content\/uploads\/2025\/03\/GH.png\" alt=\"\" \/><\/noscript><\/div>\n\n\n\n<p>Les projets 1, 3, 4, 5, 8, 9 ont \u00e9t\u00e9 r\u00e9alis\u00e9s au sein du bureau <a href=\"https:\/\/www.dethier.be\/fr\/news\" data-type=\"link\" data-id=\"https:\/\/www.dethier.be\/fr\/news\">Dethier Architecture<\/a> &#8211; photos <a href=\"https:\/\/www.sergebrison.com\/\" data-type=\"link\" data-id=\"https:\/\/www.sergebrison.com\/\">Serge Brison<\/a><\/p>\n\n\n\n<p><\/p>\n","protected":false},"excerpt":{"rendered":"<p>Les projets 1, 3, 4, 5, 8, 9 ont \u00e9t\u00e9 r\u00e9alis\u00e9s au sein du bureau Dethier Architecture &#8211; photos Serge Brison<\/p>\n","protected":false},"author":1,"featured_media":0,"parent":0,"menu_order":0,"comment_status":"closed","ping_status":"closed","template":"","meta":{"_monsterinsights_skip_tracking":false,"_monsterinsights_sitenote_active":false,"_monsterinsights_sitenote_note":"","_monsterinsights_sitenote_category":0,"neve_meta_sidebar":"","neve_meta_container":"","neve_meta_enable_content_width":"on","neve_meta_content_width":100,"neve_meta_title_alignment":"","neve_meta_author_avatar":"","neve_post_elements_order":"","neve_meta_disable_header":"","neve_meta_disable_footer":"","neve_meta_disable_title":"on","footnotes":""},"class_list":["post-19","page","type-page","status-publish","hentry"],"_links":{"self":[{"href":"https:\/\/faes.archi\/index.php\/wp-json\/wp\/v2\/pages\/19","targetHints":{"allow":["GET"]}}],"collection":[{"href":"https:\/\/faes.archi\/index.php\/wp-json\/wp\/v2\/pages"}],"about":[{"href":"https:\/\/faes.archi\/index.php\/wp-json\/wp\/v2\/types\/page"}],"author":[{"embeddable":true,"href":"https:\/\/faes.archi\/index.php\/wp-json\/wp\/v2\/users\/1"}],"replies":[{"embeddable":true,"href":"https:\/\/faes.archi\/index.php\/wp-json\/wp\/v2\/comments?post=19"}],"version-history":[{"count":8,"href":"https:\/\/faes.archi\/index.php\/wp-json\/wp\/v2\/pages\/19\/revisions"}],"predecessor-version":[{"id":182,"href":"https:\/\/faes.archi\/index.php\/wp-json\/wp\/v2\/pages\/19\/revisions\/182"}],"wp:attachment":[{"href":"https:\/\/faes.archi\/index.php\/wp-json\/wp\/v2\/media?parent=19"}],"curies":[{"name":"wp","href":"https:\/\/api.w.org\/{rel}","templated":true}]}}